{"id":16,"date":"2017-10-23T12:29:44","date_gmt":"2017-10-23T15:29:44","guid":{"rendered":"http:\/\/www.multborr.com.br\/multborr\/?page_id=16"},"modified":"2017-10-25T08:16:19","modified_gmt":"2017-10-25T11:16:19","slug":"equipamentos","status":"publish","type":"page","link":"https:\/\/www.multborr.com.br\/multborr\/equipamentos\/","title":{"rendered":"Equipamentos"},"content":{"rendered":"<p><img fetchpriority=\"high\" decoding=\"async\" class=\"alignnone wp-image-48 size-full\" src=\"https:\/\/www.multborr.com.br\/multborr\/wp-content\/uploads\/2017\/10\/metal-craftman-PMWEVPU-e1508930172590.jpg\" alt=\"\" width=\"957\" height=\"432\" srcset=\"https:\/\/www.multborr.com.br\/multborr\/wp-content\/uploads\/2017\/10\/metal-craftman-PMWEVPU-e1508930172590.jpg 957w, https:\/\/www.multborr.com.br\/multborr\/wp-content\/uploads\/2017\/10\/metal-craftman-PMWEVPU-e1508930172590-300x135.jpg 300w, https:\/\/www.multborr.com.br\/multborr\/wp-content\/uploads\/2017\/10\/metal-craftman-PMWEVPU-e1508930172590-768x347.jpg 768w, https:\/\/www.multborr.com.br\/multborr\/wp-content\/uploads\/2017\/10\/metal-craftman-PMWEVPU-e1508930172590-20x9.jpg 20w\" sizes=\"(max-width: 957px) 100vw, 957px\" \/><\/p>\n<p>Iniciamos nossas atividades numa \u00e9poca em que o mercado era carente de prestadores de servi\u00e7os nas \u00e1reas de usinagem e metalurgia, o que nos obrigou a nos equipar tanto fisicamente, como tecnicamente para a fabrica\u00e7\u00e3o das matrizes que utilizamos para moldagem das pe\u00e7as em borrachas que produzimos, bem como os insertos e componentes met\u00e1licos que comp\u00f5em nossas pe\u00e7as t\u00e9cnicas. Com isso temos hoje todo\u00a0ferramental necess\u00e1rio produzido dentro de nossa pr\u00f3pria empresa.<\/p>\n<p>Em busca de um crescente desenvolvimento atingimos um excelente n\u00edvel t\u00e9cnico e adquirimos equipamentos e ferramental muito acima de nossas necessidades, o que nos\u00a0positivamente obrigou,\u00a0passar a prestar servi\u00e7os aos nossos clientes tanto nas \u00e1reas de manuten\u00e7\u00e3o industrial, como tamb\u00e9m de fabrica\u00e7\u00e3o de pe\u00e7as exclusivamente met\u00e1licas.<\/p>\n<p>Hoje em dia boa parcela de nossa for\u00e7a de trabalho est\u00e1 concentrada\u00a0em quest\u00f5es\u00a0adversas\u00a0e novos investimentos est\u00e3o sendo feitos para uma evolu\u00e7\u00e3o ainda maior. Contamos, no segmento de borrachas, com equipamentos modernos como prensas autom\u00e1ticas com controles CLP, extrusoras de diversos calibres, autoclaves em diferentes dimens\u00f5es e misturadores com alto rendimento, estufas com diversos limites de temperaturas, al\u00e9m de equipamentos laboratoriais que s\u00e3o a base para nosso controle de qualidade.<\/p>\n<p>Muitas das pe\u00e7as em borracha produzidas por n\u00f3s requerem servi\u00e7os de acabamento que atinjam alto\u00a0n\u00edvel de precis\u00e3o. E para\u00a0tanto temos ret\u00edficas planas e cil\u00edndricas, fresas verticais e horizontais, maquinas rebarbadoras, lixadeiras de diversos tipos e capacidades, m\u00e1quinas CNC e muito mais\u00a0em nosso parque fabril.\u00a0 Essas m\u00e1quinas tamb\u00e9m nos s\u00e3o \u00fateis em processos\u00a0internos de\u00a0usinagem que \u00e9 composta, al\u00e9m de\u00a0equipamentos convencionais, outros computadorizados. Alguns de nossos servi\u00e7os s\u00e3o executados em Eletro-eros\u00e3o \u00e0 fio ou, quando necess\u00e1rio,\u00a0 \u00e0 penetra\u00e7\u00e3o. S\u00e3o in\u00fameros os\u00a0 instrumentos de precis\u00e3o que usamos para medi\u00e7\u00e3o e calibra\u00e7\u00e3o, assegurando o compromisso que temos com a qualidade. J\u00e1 na \u00e1rea de caldeiraria possu\u00edmos guilhotinas, viradeiras\u00a0e dobradeiras, inclusive com comandos num\u00e9ricos, equipamentos para solda MIG\/MAG , TIG, \u00e0 ponto, esmeris, furadeiras, serras verticais, de corte r\u00e1pido, corte \u00e0 plasma, oxi-corte com mesa pantogr\u00e1fica, entre outras.<\/p>\n<blockquote><p>\u00a0Procure-nos, apresente as necessidades de seus projetos ou problemas, e quem sabe,\u00a0com os diversos recursos que possu\u00edmos, poderemos lhe ajudar?<\/p><\/blockquote>\n","protected":false},"excerpt":{"rendered":"<p>Iniciamos nossas atividades numa \u00e9poca em que o mercado era carente de prestadores de servi\u00e7os nas \u00e1reas de usinagem e metalurgia, o que nos obrigou a nos equipar tanto fisicamente, como tecnicamente para a fabrica\u00e7\u00e3o das matrizes que utilizamos para moldagem das pe\u00e7as em borrachas que produzimos, bem como os insertos e componentes met\u00e1licos que comp\u00f5em nossas pe\u00e7as t\u00e9cnicas. Com isso temos hoje todo\u00a0ferramental necess\u00e1rio produzido dentro de nossa pr\u00f3pria empresa. Em busca de um crescente desenvolvimento atingimos um excelente n\u00edvel t\u00e9cnico e adquirimos equipamentos e ferramental muito acima de nossas necessidades, o que nos\u00a0positivamente obrigou,\u00a0passar a prestar servi\u00e7os aos nossos clientes tanto nas \u00e1reas de manuten\u00e7\u00e3o industrial, como tamb\u00e9m de fabrica\u00e7\u00e3o de pe\u00e7as exclusivamente met\u00e1licas. Hoje em dia boa parcela de nossa for\u00e7a de trabalho est\u00e1 concentrada\u00a0em quest\u00f5es\u00a0adversas\u00a0e novos investimentos est\u00e3o sendo feitos para uma evolu\u00e7\u00e3o ainda maior. Contamos, no segmento de borrachas, com equipamentos modernos como prensas autom\u00e1ticas com controles CLP, extrusoras de diversos calibres, autoclaves em diferentes dimens\u00f5es e misturadores com alto rendimento, estufas com diversos limites de temperaturas, al\u00e9m de equipamentos laboratoriais que s\u00e3o a base para nosso controle de qualidade. Muitas das pe\u00e7as em borracha produzidas por n\u00f3s requerem servi\u00e7os de acabamento que atinjam alto\u00a0n\u00edvel de precis\u00e3o. E para\u00a0tanto temos ret\u00edficas planas e cil\u00edndricas, fresas verticais e horizontais, maquinas rebarbadoras, lixadeiras de diversos tipos e capacidades, m\u00e1quinas CNC e muito mais\u00a0em nosso parque fabril.\u00a0 Essas m\u00e1quinas tamb\u00e9m nos s\u00e3o \u00fateis em processos\u00a0internos de\u00a0usinagem que \u00e9 composta, al\u00e9m de\u00a0equipamentos convencionais, outros computadorizados. Alguns de nossos servi\u00e7os s\u00e3o executados em Eletro-eros\u00e3o \u00e0 fio ou, quando necess\u00e1rio,\u00a0 \u00e0 penetra\u00e7\u00e3o. S\u00e3o in\u00fameros os\u00a0 instrumentos de precis\u00e3o que usamos para medi\u00e7\u00e3o e calibra\u00e7\u00e3o, assegurando o compromisso que temos com a qualidade. J\u00e1 na \u00e1rea de caldeiraria possu\u00edmos guilhotinas, viradeiras\u00a0e dobradeiras, inclusive com comandos num\u00e9ricos, equipamentos para solda MIG\/MAG , TIG, \u00e0 ponto, esmeris, furadeiras, serras verticais, de corte r\u00e1pido, corte \u00e0 plasma, oxi-corte com mesa pantogr\u00e1fica, entre outras. \u00a0Procure-nos, apresente as necessidades de seus projetos ou problemas, e quem sabe,\u00a0com os diversos recursos que possu\u00edmos, poderemos lhe ajudar?<\/p>\n","protected":false},"author":1,"featured_media":0,"parent":0,"menu_order":0,"comment_status":"closed","ping_status":"closed","template":"","meta":{"footnotes":""},"class_list":["post-16","page","type-page","status-publish","hentry"],"_links":{"self":[{"href":"https:\/\/www.multborr.com.br\/multborr\/wp-json\/wp\/v2\/pages\/16","targetHints":{"allow":["GET"]}}],"collection":[{"href":"https:\/\/www.multborr.com.br\/multborr\/wp-json\/wp\/v2\/pages"}],"about":[{"href":"https:\/\/www.multborr.com.br\/multborr\/wp-json\/wp\/v2\/types\/page"}],"author":[{"embeddable":true,"href":"https:\/\/www.multborr.com.br\/multborr\/wp-json\/wp\/v2\/users\/1"}],"replies":[{"embeddable":true,"href":"https:\/\/www.multborr.com.br\/multborr\/wp-json\/wp\/v2\/comments?post=16"}],"version-history":[{"count":0,"href":"https:\/\/www.multborr.com.br\/multborr\/wp-json\/wp\/v2\/pages\/16\/revisions"}],"wp:attachment":[{"href":"https:\/\/www.multborr.com.br\/multborr\/wp-json\/wp\/v2\/media?parent=16"}],"curies":[{"name":"wp","href":"https:\/\/api.w.org\/{rel}","templated":true}]}}