{"id":12,"date":"2017-10-23T12:29:10","date_gmt":"2017-10-23T15:29:10","guid":{"rendered":"http:\/\/www.multborr.com.br\/multborr\/?page_id=12"},"modified":"2022-11-07T17:06:26","modified_gmt":"2022-11-07T20:06:26","slug":"empresa","status":"publish","type":"page","link":"https:\/\/www.multborr.com.br\/multborr\/empresa\/","title":{"rendered":"Empresa"},"content":{"rendered":"<h2>Apresenta\u00e7\u00e3o<\/h2>\n<p>A Multborr Ind\u00fastria Com\u00e9rcio e Servi\u00e7os LTDA, surgiu no mercado com objetivo de suprir as necessidades crescentes das empresas, de encontrar solu\u00e7\u00f5es\u00a0nas \u00e1reas\u00a0de nacionaliza\u00e7\u00e3o,\u00a0engenharia e desenvolvimento com o melhor custo benef\u00edcio. Desde ent\u00e3o, dedica-se \u00e0 fabrica\u00e7\u00e3o e \u00e0 comercializa\u00e7\u00e3o de artefatos t\u00e9cnicos de borracha, ades\u00e3o metal borracha, usinagem e metalurgia de acordo com as necessidades de cada cliente e do mercado.<\/p>\n<p>A Larbos Ind\u00fastria e Com\u00e9rcio de Produtos de Usinagem e Metalurgia LTDA, teve origem na necessidade da aquisi\u00e7\u00e3o de\u00a0suprimentos destinados a produ\u00e7\u00e3o da MULTBORR.\u00a0Surgiu assim um com\u00e9rcio varejista de m\u00e1quinas, equipamentos, ferramentas, abrasivos,\u00a0 pl\u00e1sticos industriais, materiais de seguran\u00e7a, artigos de fixa\u00e7\u00e3o, rolamentos e diversos\u00a0 suprimentos industriais direcionados aos nossos clientes cadastrados. Posteriormente desenvolvendo e ampliando sua usinagem e metalurgia para atender o mercado\u00a0ferrovi\u00e1rio e metrovi\u00e1rio.<\/p>\n<p>A empresa est\u00e1 sempre acompanhando o desenvolvimento dos mercados em que atua, investindo em equipamentos e treinamento de seus profissionais, buscando sempre a melhoria da mat\u00e9ria-prima e sua gest\u00e3o de qualidade.\u00a0Atuando no mercado de fabrica\u00e7\u00e3o de Artefatos T\u00e9cnicos de Borracha a mais de 20 anos, a Multborr \u00e9 uma empresa que vem objetivando estar andando sempre \u00e0 frente do seu tempo, desenvolvendo e buscando as mais novas tecnologias, pesquisando e trazendo para seu campo de atua\u00e7\u00e3o empresarial produtos e servi\u00e7os que atendam a crescente demanda de consumo e ao suprimento das necessidades de seus clientes.<\/p>\n\n\t\t<style type=\"text\/css\">\n\t\t\t#gallery-1 {\n\t\t\t\tmargin: auto;\n\t\t\t}\n\t\t\t#gallery-1 .gallery-item {\n\t\t\t\tfloat: left;\n\t\t\t\tmargin-top: 10px;\n\t\t\t\ttext-align: center;\n\t\t\t\twidth: 25%;\n\t\t\t}\n\t\t\t#gallery-1 img {\n\t\t\t\tborder: 2px solid #cfcfcf;\n\t\t\t}\n\t\t\t#gallery-1 .gallery-caption {\n\t\t\t\tmargin-left: 0;\n\t\t\t}\n\t\t\t\/* see gallery_shortcode() in wp-includes\/media.php *\/\n\t\t<\/style>\n\t\t<div id='gallery-1' class='gallery galleryid-12 gallery-columns-4 gallery-size-thumbnail'><dl class='gallery-item'>\n\t\t\t<dt class='gallery-icon landscape'>\n\t\t\t\t<a class=\"box socialGallery\" data-titan-group=\"gallery\" data-titan-width=\"750\" href='https:\/\/www.multborr.com.br\/multborr\/wp-content\/uploads\/2017\/10\/prensa-1.jpg'><img decoding=\"async\" width=\"150\" height=\"150\" src=\"https:\/\/www.multborr.com.br\/multborr\/wp-content\/uploads\/2017\/10\/prensa-1-150x150.jpg\" class=\"attachment-thumbnail size-thumbnail\" alt=\"\" \/><\/a>\n\t\t\t<\/dt><\/dl><dl class='gallery-item'>\n\t\t\t<dt class='gallery-icon portrait'>\n\t\t\t\t<a class=\"box socialGallery\" data-titan-group=\"gallery\" data-titan-width=\"750\" href='https:\/\/www.multborr.com.br\/multborr\/wp-content\/uploads\/2017\/10\/PRENSA-3.jpg'><img decoding=\"async\" width=\"150\" height=\"150\" src=\"https:\/\/www.multborr.com.br\/multborr\/wp-content\/uploads\/2017\/10\/PRENSA-3-150x150.jpg\" class=\"attachment-thumbnail size-thumbnail\" alt=\"\" \/><\/a>\n\t\t\t<\/dt><\/dl><dl class='gallery-item'>\n\t\t\t<dt class='gallery-icon portrait'>\n\t\t\t\t<a class=\"box socialGallery\" data-titan-group=\"gallery\" data-titan-width=\"750\" href='https:\/\/www.multborr.com.br\/multborr\/wp-content\/uploads\/2017\/10\/PRENSA-4.jpg'><img decoding=\"async\" width=\"150\" height=\"150\" src=\"https:\/\/www.multborr.com.br\/multborr\/wp-content\/uploads\/2017\/10\/PRENSA-4-150x150.jpg\" class=\"attachment-thumbnail size-thumbnail\" alt=\"\" \/><\/a>\n\t\t\t<\/dt><\/dl><dl class='gallery-item'>\n\t\t\t<dt class='gallery-icon portrait'>\n\t\t\t\t<a class=\"box socialGallery\" data-titan-group=\"gallery\" data-titan-width=\"750\" href='https:\/\/www.multborr.com.br\/multborr\/wp-content\/uploads\/2017\/10\/PRENSA-5.jpg'><img loading=\"lazy\" decoding=\"async\" width=\"150\" height=\"150\" src=\"https:\/\/www.multborr.com.br\/multborr\/wp-content\/uploads\/2017\/10\/PRENSA-5-150x150.jpg\" class=\"attachment-thumbnail size-thumbnail\" alt=\"\" \/><\/a>\n\t\t\t<\/dt><\/dl><br style=\"clear: both\" \/>\n\t\t<\/div>\n\n<p>Produzimos todo nosso ferramental e al\u00e9m de t\u00e9cnicos especializados, contamos com equipamentos modernos como prensas autom\u00e1ticas, extrusoras, autoclaves, ret\u00edficas, fresas, tornos manuais e tamb\u00e9m com controle num\u00e9rico computadorizado (CNC),fresadora (cnc), guilhotina (cn) prensas hidr\u00e1ulicas e exc\u00eantricas,\u00a0entre outros.\u00a0Nossa mat\u00e9ria-prima \u00e9 selecionada, como tamb\u00e9m nossos fornecedores, para que nossos produtos possam sempre suprir ou extrapolar a necessidade de nossos clientes.<\/p>\n<p>Contamos tamb\u00e9m com laborat\u00f3rio para an\u00e1lise do material, e elabora\u00e7\u00e3o de novas formula\u00e7\u00f5es de Elast\u00f4meros para as mais diversas finalidades. Nossos produtos s\u00e3o reconhecidos no mercado pela sua qualidade, confiabilidade e durabilidade, raz\u00e3o pela qual, ano ap\u00f3s ano, n\u00f3s estamos crescendo e nos consolidando em um mercado austero e exigente.<\/p>\n<p>Nossa empresa pode ser evidenciada pela facilidade de adapta\u00e7\u00e3o \u00e0s constantes mudan\u00e7as de mercado e como prova disto oferecemos aos nossos clientes, al\u00e9m das excepcionais linhas de produtos por n\u00f3s fabricados, uma ampla gama de Suprimentos Industriais que distribu\u00edmos atrav\u00e9s da LARBOS, outra empresa de nosso Grupo, que j\u00e1 se projeta com destaque no mercado.\u00a0E n\u00e3o vamos parar por aqui. Se for nosso cliente, fale de suas dificuldades e do que necessita que n\u00f3s estaremos prontos em atender voc\u00ea.<\/p>\n<p>&nbsp;<\/p>\n<div class='content-column one_half'><h3>Qualidade<\/h3>\n<p>Em 28 de mar\u00e7o de 2004 o Sistema de Gest\u00e3o da Qualidade da Multborr, foi agraciado com a certifica\u00e7\u00e3o ISO 9001:2000, tanto para os Artefatos de Borracha, quanto para a Usinagem e a Metalurgia. Confirmando a seriedade em que a empresa vem se destacando. Assim tornou-se a \u00fanica empresa da regi\u00e3o, em seu ramo, certificada ISO (Fonte: INMETRO, 2004).<\/p>\n<p>Nossos produtos e servi\u00e7os s\u00e3o reconhecidos no mercado pela qualidade, confiabilidade e durabilidade, raz\u00e3o pela qual, ano ap\u00f3s ano, estamos crescendo e nos consolidando em um mercado austero e exigente, garantindo sempre os nossos servi\u00e7os e produtos.<\/p><\/div>\n<div class='content-column one_half last_column'><div style=\"padding-left:30px;\"><h3>Miss\u00e3o<\/h3>\n<p>Fornecer pe\u00e7as t\u00e9cnicas em borracha, metalurgia, usinagem e servi\u00e7os especiais\u00a0em geral, com a finalidade de atender os diversos mercados do seguimento, definindo assim como objetivo principal, resolver as necesidades especiais com a &#8220;Plena Satisfa\u00e7\u00e3o do Cliente&#8221;, para tanto nos comprometemos em:<\/p>\n<ul>\n<li>Atender pontualmente nossos clientes;<\/li>\n<li>Oferecer a qualidade desejada;<\/li>\n<li>Trabalhar com fornecedores que compreendam nossos objetivos;<\/li>\n<li>Melhorar continuamente nossos produtos, processos e sistema de gest\u00e3o da qualidade (SGQ), conforme a necessidade do mercado.<\/li>\n<\/ul><\/div><\/div><div class='clear_column'><\/div>\n","protected":false},"excerpt":{"rendered":"<p>Apresenta\u00e7\u00e3o A Multborr Ind\u00fastria Com\u00e9rcio e Servi\u00e7os LTDA, surgiu no mercado com objetivo de suprir as necessidades crescentes das empresas, de encontrar solu\u00e7\u00f5es\u00a0nas \u00e1reas\u00a0de nacionaliza\u00e7\u00e3o,\u00a0engenharia e desenvolvimento com o melhor custo benef\u00edcio. Desde ent\u00e3o, dedica-se \u00e0 fabrica\u00e7\u00e3o e \u00e0 comercializa\u00e7\u00e3o de artefatos t\u00e9cnicos de borracha, ades\u00e3o metal borracha, usinagem e metalurgia de acordo com as necessidades de cada cliente e do mercado. A Larbos Ind\u00fastria e Com\u00e9rcio de Produtos de Usinagem e Metalurgia LTDA, teve origem na necessidade da aquisi\u00e7\u00e3o de\u00a0suprimentos destinados a produ\u00e7\u00e3o da MULTBORR.\u00a0Surgiu assim um com\u00e9rcio varejista de m\u00e1quinas, equipamentos, ferramentas, abrasivos,\u00a0 pl\u00e1sticos industriais, materiais de seguran\u00e7a, artigos de fixa\u00e7\u00e3o, rolamentos e diversos\u00a0 suprimentos industriais direcionados aos nossos clientes cadastrados. Posteriormente desenvolvendo e ampliando sua usinagem e metalurgia para atender o mercado\u00a0ferrovi\u00e1rio e metrovi\u00e1rio. A empresa est\u00e1 sempre acompanhando o desenvolvimento dos mercados em que atua, investindo em equipamentos e treinamento de seus profissionais, buscando sempre a melhoria da mat\u00e9ria-prima e sua gest\u00e3o de qualidade.\u00a0Atuando no mercado de fabrica\u00e7\u00e3o de Artefatos T\u00e9cnicos de Borracha a mais de 20 anos, a Multborr \u00e9 uma empresa que vem objetivando estar andando sempre \u00e0 frente do seu tempo, desenvolvendo e buscando as mais novas tecnologias, pesquisando e trazendo para seu campo de atua\u00e7\u00e3o empresarial produtos e servi\u00e7os que atendam a crescente demanda de consumo e ao suprimento das necessidades de seus clientes. Produzimos todo nosso ferramental e al\u00e9m de t\u00e9cnicos especializados, contamos com equipamentos modernos como prensas autom\u00e1ticas, extrusoras, autoclaves, ret\u00edficas, fresas, tornos manuais e tamb\u00e9m com controle num\u00e9rico computadorizado (CNC),fresadora (cnc), guilhotina (cn) prensas hidr\u00e1ulicas e exc\u00eantricas,\u00a0entre outros.\u00a0Nossa mat\u00e9ria-prima \u00e9 selecionada, como tamb\u00e9m nossos fornecedores, para que nossos produtos possam sempre suprir ou extrapolar a necessidade de nossos clientes. Contamos tamb\u00e9m com laborat\u00f3rio para an\u00e1lise do material, e elabora\u00e7\u00e3o de novas formula\u00e7\u00f5es de Elast\u00f4meros para as mais diversas finalidades. Nossos produtos s\u00e3o reconhecidos no mercado pela sua qualidade, confiabilidade e durabilidade, raz\u00e3o pela qual, ano ap\u00f3s ano, n\u00f3s estamos crescendo e nos consolidando em um mercado austero e exigente. Nossa empresa pode ser evidenciada pela facilidade de adapta\u00e7\u00e3o \u00e0s constantes mudan\u00e7as de mercado e como prova disto oferecemos aos nossos clientes, al\u00e9m das excepcionais linhas de produtos por n\u00f3s fabricados, uma ampla gama de Suprimentos Industriais que distribu\u00edmos atrav\u00e9s da LARBOS, outra empresa de nosso Grupo, que j\u00e1 se projeta com destaque no mercado.\u00a0E n\u00e3o vamos parar por aqui. Se for nosso cliente, fale de suas dificuldades e do que necessita que n\u00f3s estaremos prontos em atender voc\u00ea. &nbsp;<\/p>\n","protected":false},"author":1,"featured_media":0,"parent":0,"menu_order":0,"comment_status":"closed","ping_status":"closed","template":"","meta":{"footnotes":""},"class_list":["post-12","page","type-page","status-publish","hentry"],"_links":{"self":[{"href":"https:\/\/www.multborr.com.br\/multborr\/wp-json\/wp\/v2\/pages\/12","targetHints":{"allow":["GET"]}}],"collection":[{"href":"https:\/\/www.multborr.com.br\/multborr\/wp-json\/wp\/v2\/pages"}],"about":[{"href":"https:\/\/www.multborr.com.br\/multborr\/wp-json\/wp\/v2\/types\/page"}],"author":[{"embeddable":true,"href":"https:\/\/www.multborr.com.br\/multborr\/wp-json\/wp\/v2\/users\/1"}],"replies":[{"embeddable":true,"href":"https:\/\/www.multborr.com.br\/multborr\/wp-json\/wp\/v2\/comments?post=12"}],"version-history":[{"count":0,"href":"https:\/\/www.multborr.com.br\/multborr\/wp-json\/wp\/v2\/pages\/12\/revisions"}],"wp:attachment":[{"href":"https:\/\/www.multborr.com.br\/multborr\/wp-json\/wp\/v2\/media?parent=12"}],"curies":[{"name":"wp","href":"https:\/\/api.w.org\/{rel}","templated":true}]}}